{"id":11,"date":"2018-02-27T20:04:33","date_gmt":"2018-02-27T20:04:33","guid":{"rendered":"http:\/\/localhost:9080\/ariel\/?page_id=11"},"modified":"2018-03-22T15:43:44","modified_gmt":"2018-03-22T15:43:44","slug":"una-seccion-de-la-pagina-de-inicio","status":"publish","type":"page","link":"https:\/\/ismconsultora.com.ar\/?page_id=11","title":{"rendered":"Industria"},"content":{"rendered":"<p>Llevar a cabo reparaciones en la maquinaria puede suponer una bajada de productividad importante seg\u00fan el tiempo que duren los arreglos. Sabemos que el mantenimiento preventivo evita estas situaciones no deseadas pero tambi\u00e9n que el correctivo es una realidad en algunas empresas.<br \/>\n\u00bfQu\u00e9 es el mantenimiento correctivo?<br \/>\nRealizar reparaciones bajo la demanda del operario para corregir problemas que se hayan notado en el funcionamiento de las m\u00e1quinas. Cuando algo falla de repente, es la \u00fanica soluci\u00f3n para volver a poner en marcha la maquinaria. El objetivo de este tipo de mantenimiento es reaccionar y solucionar r\u00e1pidamente el problema para no retrasar la producci\u00f3n de la empresa.<br \/>\n\u00bfQu\u00e9 tipos de aver\u00eda puede sufrir la maquinaria?<br \/>\nDamos soluci\u00f3n a cualquier problema que tenga una m\u00e1quina:<br \/>\nReparaci\u00f3n de todo tipo de motores y marcas.<br \/>\nReparaci\u00f3n de equipos hidr\u00e1ulicos.<br \/>\nDetecci\u00f3n y reparaci\u00f3n de aver\u00edas el\u00e9ctricas y electr\u00f3nicas.<br \/>\nMandrinaje, refrentado y rectificado en m\u00e1quinas. Nuestro equipo especializado en montaje y reparaci\u00f3n de equipos de climatizaci\u00f3n y de lubricaci\u00f3n.<br \/>\nCentralizada se encarga de arreglar la maquinaria para volver a poner en macha la producci\u00f3n.<br \/>\nEl plan de mantenimiento industrial que ofrecemos:<br \/>\nControlar el estado de las m\u00e1quinas industriales<br \/>\nDetectar anomal\u00edas en los equipos<br \/>\nAdelantarse a las aver\u00edas de la maquinaria<br \/>\nPlanificar la reparaci\u00f3n de forma preventiva.<br \/>\nRealizar la reparaci\u00f3n con menos tiempo y menor coste<br \/>\nEl servicio que ofrecemos a las empresas un mantenimiento industrial basado en el an\u00e1lisis de las necesidades de cada m\u00e1quina. Despu\u00e9s de explicar nuestra metodolog\u00eda al cliente en el contrato de mantenimiento, seguimos los siguientes pasos:<br \/>\nCreaci\u00f3n de una ficha para cada m\u00e1quina en nuestro sistema inform\u00e1tico<br \/>\nInicio de los trabajos de mantenimiento industrial, seg\u00fan la necesidad de cada m\u00e1quina<br \/>\nEntrada a nuestro sistema inform\u00e1tico de las tareas de mantenimiento realizados e incidencias de la maquinaria<br \/>\nProgramaci\u00f3n y coordinaci\u00f3n con el cliente de las pr\u00f3ximas intervenciones seg\u00fan el plan de mantenimiento<br \/>\nEntrega peri\u00f3dica de informes detallados de los costes, tipolog\u00eda de aver\u00eda, causas, horas de parada, etc.<br \/>\nNosotros creemos que el mantenimiento preventivo de la maquinaria es el mejor tipo de mantenimiento. Por eso lo ofrecemos siempre a nuestros clientes.<br \/>\n\u00bfQu\u00e9 es el mantenimiento preventivo industrial?<br \/>\nRealizar de forma peri\u00f3dica inspecciones tanto de funcionamiento como de seguridad, ajustes, an\u00e1lisis, limpieza, lubricaci\u00f3n, calibraci\u00f3n\u2026 en base a un plan de mantenimiento establecido y no a la demanda del operario porque es necesaria una reparaci\u00f3n. El objetivo del mantenimiento preventivo industrial es prever lo problemas que pueda tener una m\u00e1quina, corregirlos en el momento oportuno y mantener la maquinaria en el punto \u00f3ptimo de funcionamiento y eficiencia.<br \/>\n\u00bfCu\u00e1les son las ventajas de un buen mantenimiento preventivo?<br \/>\nCon un buen mantenimiento preventivo de la maquinaria, se llega a conocer mejor el estado cada m\u00e1quina, sus condiciones de trabajo y sus puntos d\u00e9biles para determinar el origen de aver\u00edas. Con esta inteligencia, se consigue:<br \/>\nMayor seguridad para el operario.<br \/>\nM\u00e1xima disponibilidad de la maquinaria.<br \/>\nMayor productividad.<br \/>\nMenor coste en mantenimiento y en reparaciones.<br \/>\nMayor duraci\u00f3n de los equipos.<\/p>\n<!-- AddThis Advanced Settings generic via filter on the_content --><!-- AddThis Share Buttons generic via filter on the_content -->","protected":false},"excerpt":{"rendered":"<p>Llevar a cabo reparaciones en la maquinaria puede suponer una bajada de productividad importante seg\u00fan el tiempo que duren los arreglos. Sabemos que el mantenimiento preventivo evita estas situaciones no deseadas pero tambi\u00e9n que el correctivo es una realidad en algunas empresas. \u00bfQu\u00e9 es el mantenimiento correctivo? Realizar reparaciones bajo la demanda del operario para &hellip; <\/p>\n<p class=\"link-more\"><a href=\"https:\/\/ismconsultora.com.ar\/?page_id=11\" class=\"more-link\">Continuar leyendo<span class=\"screen-reader-text\"> \u00abIndustria\u00bb<\/span><\/a><\/p>\n<p><!-- AddThis Advanced Settings generic via filter on get_the_excerpt --><!-- AddThis Share Buttons generic via filter on get_the_excerpt --><\/p>\n","protected":false},"author":2,"featured_media":230,"parent":0,"menu_order":0,"comment_status":"closed","ping_status":"closed","template":"","meta":{"footnotes":""},"class_list":["post-11","page","type-page","status-publish","has-post-thumbnail","hentry"],"_links":{"self":[{"href":"https:\/\/ismconsultora.com.ar\/index.php?rest_route=\/wp\/v2\/pages\/11","targetHints":{"allow":["GET"]}}],"collection":[{"href":"https:\/\/ismconsultora.com.ar\/index.php?rest_route=\/wp\/v2\/pages"}],"about":[{"href":"https:\/\/ismconsultora.com.ar\/index.php?rest_route=\/wp\/v2\/types\/page"}],"author":[{"embeddable":true,"href":"https:\/\/ismconsultora.com.ar\/index.php?rest_route=\/wp\/v2\/users\/2"}],"replies":[{"embeddable":true,"href":"https:\/\/ismconsultora.com.ar\/index.php?rest_route=%2Fwp%2Fv2%2Fcomments&post=11"}],"version-history":[{"count":1,"href":"https:\/\/ismconsultora.com.ar\/index.php?rest_route=\/wp\/v2\/pages\/11\/revisions"}],"predecessor-version":[{"id":233,"href":"https:\/\/ismconsultora.com.ar\/index.php?rest_route=\/wp\/v2\/pages\/11\/revisions\/233"}],"wp:featuredmedia":[{"embeddable":true,"href":"https:\/\/ismconsultora.com.ar\/index.php?rest_route=\/wp\/v2\/media\/230"}],"wp:attachment":[{"href":"https:\/\/ismconsultora.com.ar\/index.php?rest_route=%2Fwp%2Fv2%2Fmedia&parent=11"}],"curies":[{"name":"wp","href":"https:\/\/api.w.org\/{rel}","templated":true}]}}